 l(v).
-4
Let n be (4 - 7)*-2*1. Let o be n/(-12) + 11/2. Let b(g) = -1 - 1 - g**3 + 5*g + 4*g**2 - 2. Give b(o).
-4
Suppose 2*b + l = 5, -3*b + 4 = 2*l + 3*l. Let n(o) = 2*o - 3. Let j be n(2). Let h(x) = -x - 2*x**2 + x**3 - j + 3*x - x**2. Calculate h(b).
5
Suppose 3*l + 6 = 4*l. Let a = l + -9. Let m(p) = -2*p - 1. Calculate m(a).
5
Let m(r) = -r**3 + 7*r**2 - 5*r - 6. Let k(l) = -2*l**3 + 15*l**2 - 11*l - 13. Let t(q) = -6*k(q) + 13*m(q). Let j be 3*(1 - 15/9). Give t(j).
10
Let c be (-14)/(-4) + 6/12. Let d = 5 - 2. Let r(b) = -2*b - c - 5 + d*b. Determine r(4).
-5
Suppose -3*p - 15 = -8*p. Suppose 0 = 3*d - 6*d. Let x(k) = 2 + 0 + 2*k + d. Calculate x(p).
8
Let l(v) = 7*v + 2. Let j(q) = q**2 + 7*q + 10. Let x be j(-4). What is l(x)?
-12
Let v(l) = -l**3 + 11*l**2 - 10*l + 4. Let r be v(10). Let a(x) = r*x**3 + 2*x - 13 - 15*x**3 + 14. Calculate a(-1).
10
Let a(n) = n**3 - 5*n**2 - 5*n - 2. Let g = -30 - -36. Determine a(g).
4
Let u(d) be the second derivative of d**3/6 + 3*d**2 + 8*d. What is u(-5)?
1
Suppose u - 25 = -5*v, -8*u = v - 3*u + 19. Let q(i) = -i**3 + v - 3*i**2 - 3*i**2 + 5*i**2 + i. Calculate q(0).
6
Let a(c) = c**2 + 6*c + 3. Suppose -4*q + 32 = -5*u, -4*u = q + 8 + 5. Calculate a(u).
-5
Let q(a) be the first derivative of -1/2*a**2 + 4*a + 2. Determine q(2).
2
Let a be 9/(-27)*0/(-1). Let r(v) = -v + 11. What is r(a)?
11
Let f(h) = 2*h**2 + h - 1. Suppose 4*m - 2*m + z = 7, 0 = -3*m - 2*z + 13. Suppose 4*b = m + 3. What is f(b)?
2
Let d(t) be the first derivative of -t**3/3 + t**2/2 + t + 12. What is d(-2)?
-5
Let s(l) = -l**3 + 5*l**2 - 4*l. Let w(q) = q - 1. Let h be w(5). Let y be s(h). Suppose -4*t + 4 + 0 = y. Let c(n) = -10*n**3 - n**2 + 1. What is c(t)?
-10
Let c(p) = -p**2 - 4*p - 3. Suppose 0 = -2*l - l - 6. Calculate c(l).
1
Suppose -3*v = r + 2, 2*r - 2*v - 12 = -0. Let p(c) = 0 - c**2 - 2 - 10*c + 0 + r*c. Let a be 2 + -3 - (-16)/(-4). Determine p(a).
3
Suppose -89 + 2 = -3*f + 5*o, 0 = -4*f + 4*o + 124. Suppose f = -4*g + 10. Let n(k) = -k**2 - 6*k - 4. Determine n(g).
-4
Let i(p) = p - 6. Suppose -2*d - 6 = 4*z, -3*d + 13 = -5*z - 22. Determine i(d).
-1
Let r(x) = x - 2. Let q be (-1 - (-1 - 1)) + (48 - 47). Calculate r(q).
0
Let n be 7/((-21)/6) - -3. Let m(y) = 2*y - 1. What is m(n)?
1
Let x(b) be the second derivative of -2*b**3/3 - b**2/2 + 5*b. What is x(-2)?
7
Let a(i) = i**3 - 3*i**2 + i. Suppose 5 = 2*y + 3*y. Suppose -2*c = -y - 5. What is a(c)?
3
Let i(y) = -y**2 + 6*y**2 + y - 1 + 0*y - y**3 + 0*y. Give i(5).
4
Let v(p) be the second derivative of -p**3/6 + 5*p**2/2 - p. Suppose 0 = m + g - 7, -3*g + 0 = 3. Let c = -3 + m. Calculate v(c).
0
Let w(g) be the third derivative of g**4/24 + 3*g**3/2 + 4*g**2. Calculate w(-6).
3
Let p be (-116 - -2)/(-6) - 6. Let h(c) = c**2 - 12*c - 10. Determine h(p).
3
Let y(f) = -f**2 + 1 + 2*f + 7*f**3 - f + 2*f**2 - 2*f**2. Give y(-1).
-8
Suppose 2*m - m - 3 = 0. Let p = -1 - -4. Let c(i) = -3 + p*i + i - i. Determine c(m).
6
Let b(d) = 7*d**2 + 10*d + 7. Let y(x) = -3*x**2 - 5*x - 3. Let q(z) = -4*b(z) - 9*y(z). Calculate q(6).
-7
Let i(y) = 2*y - 2 - 1 + 2. Let p(t) = -t. Let o(q) = -4*i(q) - 9*p(q). Determine o(0).
4
Let g = 1 + -1. Let z(t) = t + 1 + 2 + g*t. Let a = 0 - 0. Calculate z(a).
3
Let h(t) = -t**3 + 8*t**2 - 5*t - 14. Let u be h(7). Let v(r) be the first derivative of r**2/2 - 3*r - 1. Give v(u).
-3
Let x(l) = -l**2 - 4*l - 2. Let w be x(-3). Let p(g) = -2 + 2*g**2 + 3*g**2 + w + 7*g**2. What is p(-1)?
11
Let g(n) = n**2 + 5*n - 10. Let m be 28/(-16)*4*1. Let d be g(m). Let p(k) = 6*k - 3. Let c(q) = 5*q - 4. Let w(v) = -3*c(v) + 2*p(v). Give w(d).
-6
Let p(c) be the second derivative of -c**4/12 + c**3/6 - c**2/2 - 2*c. Let j(d) = 19*d**2 - 5*d + 5. Let u(z) = -j(z) - 4*p(z). Determine u(1).
-15
Let t(f) = 2*f**2 - 1. Suppose 13 = 5*u - 4*w, -2*u = 4*w - w + 4. What is t(u)?
1
Let o(b) = -b**3 - 5*b**2 - 2*b + 1. Suppose 2*r + 8 + 2 = 0. Let t be 6*((-5)/2)/r. Suppose 6*h - t*h + 12 = 0. Give o(h).
-7
Let i(s) be the second derivative of s**5/20 - s**4/2 - s**3/6 + s**2/2 + 10*s - 2. Give i(6).
-5
Let p(s) = 6*s + 1. Let w = -11 - -16. Suppose w*j - 2*j = -3. What is p(j)?
-5
Let m(o) be the third derivative of o**5/40 - o**4/6 - o**3/3 + 6*o**2. Let j(k) be the first derivative of m(k). Calculate j(4).
8
Suppose 8 = -5*b - 17. Let u(g) = -g**2 - 7*g - 6. What is u(b)?
4
Let z be (4/(-5) + 0)*5. Let b(x) = 4 - 1 - x**2 - 2*x - 2*x. Determine b(z).
3
Let m(d) be the second derivative of 7*d**5/20 + d**4/6 - d**2/2 - d. Let p be (4/8)/(3/(-6)). Give m(p).
-6
Let r(o) = -o**3 - 24*o**2 - 23*o - 1. Let z be r(-23). Let q(i) = 18*i**2. Give q(z).
18
Let d(n) be the first derivative of n**2/2 - 6*n - 39. Give d(0).
-6
Suppose 3*x - 11 - 4 = 0. Suppose -x - 1 = -k. Let z(g) be the third derivative of -g**5/60 + 5*g**4/24 + 7*g**3/6 - 7*g**2. Determine z(k).
1
Suppose -3 - 3 = 2*i. Let k(b) be the third derivative of 1/24*b**4 + 0 + 0*b + 1/6*b**3 - 5*b**2. Calculate k(i).
-2
Let j(f) = f**2 - 10 + 11 + 2. Calculate j(0).
3
Suppose 3*s + 3 = -3*b, -5*s + 26 = -4*b - 14. Let w(j) = j + 2 + 5*j - 7*j - 6. What is w(s)?
-8
Suppose 5*m = -3*g - 22, 4*g - 13 = 2*m + 1. Let z(p) = 14*p**2 + p - 1. What is z(g)?
14
Let q be 2 + -1 + 0 + 2. Let j = q + -8. Let n(u) = -3*u**2 + 4*u - u**2 - 9*u**3 + 15*u**3 - 3 - 7*u**3. Determine n(j).
2
Let q(t) be the third derivative of 0*t - t**3 + 1/4*t**4 + 0 - t**2 - 1/60*t**5. Suppose -3*v + 15 = -0. Calculate q(v).
-1
Let u(i) be the third derivative of -i**5/15 + i**4/8 - i**3/6 - 10*i**2. Let n(t) = -t**2 - t + 2. Let d be n(0). Determine u(d).
-11
Let s = -1/30 - -1/5. Let v(m) be the second derivative of 0 + 3*m**2 - m + s*m**3. Calculate v(-5).
1
Let f(r) = 5*r + 11. Let t(o) = -3*o - 7. Let v(p) = 4*f(p) + 7*t(p). Let l = 10 - 6. Suppose 4*c = -l - 8. Determine v(c).
-2
Let t be (-5)/(-2)*(-2 + 0). Let h = 3 + t. Let c(m) = -m**3 + 3. Let p(b) = -b**3 + b**2 + 5. Let f(j) = -5*c(j) + 3*p(j). Determine f(h).
-4
Suppose -6*h + 4*h + 12 = 0. Let i(g) = -6*g**2 - g + h - 9 - g + 2. Determine i(-1).
-5
Let p(o) = o + 4. Let d be ((-30)/25)/((-4)/10). Suppose 6 = 2*l + k, 0*l = 3*l - d*k. Let h be (-1)/l*1*6. What is p(h)?
1
Let p = 9 - 4. Let k(r) = -5*r**2 - r**3 - r**3 + 3*r + r**3 - p*r. Calculate k(-4).
-8
Let s be ((-12)/(-10))/((-40)/(-25)). Let w(z) be the second derivative of 0*z**2 + s*z**4 + 2*z + 1/6*z**3 + 0. What is w(1)?
10
Suppose -a + 0*a = 0. Let l(k) = -3*k + k + a*k - 4. Let j = -9 + 5. What is l(j)?
4
Let a(j) = -7*j**2 + j - 1. Let o(k) = -k + 1. Let v(y) = a(y) + 2*o(y). Suppose x = 4*t - 5, 3 = 5*x + 8. Determine v(t).
-7
Suppose -3*t - n - 6 + 72 = 0, 12 = t - 3*n. Suppose 6 = -5*x + t. Let p be -1 + x*(-4)/(-6). Let f(q) = -9*q**2 - 1. What is f(p)?
-10
Suppose 3*g + 3*d = 63, 4*g = 5*d + 50 + 34. Let b be 3/2*28/g. Let q(l) = -l**b - 4 - 3 - 3*l - 4*l + 3. Calculate q(-6).
2
Let v(q) = 4*q - 3. Let g(t) = -3*t + 3. Let y(z) = 3*g(z) + 2*v(z). Let j be 10/2 - (-2 + 4). What is y(j)?
0
Let i(u) = 6*u + u**3 - 4 + 0*u**3 - 7*u**2 - 7*u**3 + 7*u**3. Let v be (-2)/(-4) - (-11)/2. Calculate i(v).
-4
Let z(n) be the second derivative of n**4/12 + 5*n**3/6 - 5*n**2/2 - 14*n. What is z(-5)?
-5
Let q(i) be the third derivative of -i**6/120 - i**5/15 + 7*i**4/24 + i**3/3 - i**2. Determine q(-5).
-8
Let o(h) = 2*h**3 - 3*h**2 - 6*h + 6. Let t(b) = -b**3 + b - 1. Let c(w) = o(w) + t(w). Give c(4).
1
Let f(k) = -6*k + 2. Let n(m) = -m**3 - 4*m**2 - 4*m - 2. Let w be n(-2). Let h be 0/w - (4 + -3). Let l be (h/3)/(1/(-6)). Give f(l).
-10
Let o(x) = 3*x - x**3 - 2*x + 0*x - x**2. Let g be o(0). Suppose 4*l - 32 = -3*k, -4*k - 4 = -4*l - g*l. Let i(p) = -p**2 + 3*p + 1. Give i(k).
-3
Let c be 3 - (-4 + 6) - 2. Let x(n) be the first derivative of n**7/168 + n**6/360 - n**4/24 - n**3/3 - 1. Let i(o) be the third derivative of x(o). Give i(c).
-5
Let g(a) = a**3 + 2*a**2 - 2*a + 3. Let d be g(-3). Let o(j) = -j**2 - j - 10. Give o(d).
-10
Let j be 105/28*16/6. Let m be j/6 + (-1)/(-3). Let h(t) = t**m - 5 - 4 + 5. Calculate h(-3).
5
Let j(m) be the third derivative of -m**6/120 - 7*m**5/60 - 7*m**4/24 - m**3/2 + m**2. Suppose 4*h + 3 = -21. Determine j(h).
3
Suppose -3*w + s = -13, -4*w + 2*s - 6*s + 28 = 0.